9231
What are the prime factors of 43826227?
2179, 20113
What are the prime factors of 322304?
2, 1259
What are the prime factors of 7532137?
7532137
List the prime factors of 5921581.
443, 13367
List the prime factors of 462389.
37, 12497
List the prime factors of 4782876.
2, 3, 7, 97, 587
What are the prime factors of 55802?
2, 27901
List the prime factors of 1613200.
2, 5, 37, 109
List the prime factors of 17462722.
2, 1933, 4517
List the prime factors of 549376.
2, 29, 37
List the prime factors of 21668800.
2, 5, 29, 467
What are the prime factors of 52036?
2, 13009
List the prime factors of 33400049.
827, 40387
What are the prime factors of 488030?
2, 5, 37, 1319
What are the prime factors of 6810684?
2, 3, 43, 67, 197
List the prime factors of 14760344.
2, 109, 16927
What are the prime factors of 483689?
101, 4789
List the prime factors of 58272.
2, 3, 607
What are the prime factors of 822987?
3, 11, 17, 163
What are the prime factors of 1609990?
2, 5, 131, 1229
List the prime factors of 31391353.
7, 281, 15959
What are the prime factors of 13814124?
2, 3, 1151177
What are the prime factors of 2239723?
2239723
What are the prime factors of 13224158?
2, 6612079
List the prime factors of 359406.
2, 3, 41, 487
What are the prime factors of 226681?
7, 13, 47, 53
List the prime factors of 385597.
385597
What are the prime factors of 243435?
3, 5, 16229
What are the prime factors of 67713?
3, 22571
What are the prime factors of 1537579?
163, 9433
What are the prime factors of 136877?
13, 10529
List the prime factors of 4998661.
191, 26171
List the prime factors of 252819.
3, 7, 4013
List the prime factors of 11042949.
3, 3680983
List the prime factors of 210074.
2, 105037
List the prime factors of 3135463.
17, 181, 1019
What are the prime factors of 295483?
193, 1531
What are the prime factors of 992356?
2, 248089
List the prime factors of 163165.
5, 32633
List the prime factors of 292982.
2, 263, 557
List the prime factors of 638089.
23, 27743
List the prime factors of 354585.
3, 5, 7, 11, 307
What are the prime factors of 320144?
2, 11, 17, 107
What are the prime factors of 825483?
3, 275161
List the prime factors of 3815397.
3, 141311
List the prime factors of 161600.
2, 5, 101
What are the prime factors of 11953695?
3, 5, 13, 59, 1039
What are the prime factors of 288357?
3, 277, 347
What are the prime factors of 355198?
2, 17, 31, 337
List the prime factors of 20989283.
7, 307, 9767
What are the prime factors of 1986998?
2, 13, 76423
List the prime factors of 2665092.
2, 3, 19, 11689
What are the prime factors of 1167330?
2, 3, 5, 167, 233
List the prime factors of 10215701.
10215701
List the prime factors of 1944286.
2, 59, 16477
What are the prime factors of 4560038?
2, 7, 19, 31, 79
List the prime factors of 182589.
3, 11, 503
What are the prime factors of 15094782?
2, 3, 443, 631
List the prime factors of 14100246.
2, 3, 107, 7321
What are the prime factors of 193310?
2, 5, 13, 1487
What are the prime factors of 7598218?
2, 17, 199, 1123
What are the prime factors of 268526?
2, 134263
What are the prime factors of 3057865?
5, 37, 16529
What are the prime factors of 145311?
3, 48437
What are the prime factors of 231430?
2, 5, 23143
List the prime factors of 9706788.
2, 3, 7, 13, 2963
List the prime factors of 874490.
2, 5, 157, 557
List the prime factors of 59631.
3, 11, 13, 139
What are the prime factors of 658870?
2, 5, 41, 1607
List the prime factors of 11411.
11411
List the prime factors of 953744.
2, 11, 5419
What are the prime factors of 336496?
2, 21031
What are the prime factors of 153782?
2, 17, 4523
List the prime factors of 10664581.
10664581
What are the prime factors of 314775?
3, 5, 1399
What are the prime factors of 8452051?
8452051
List the prime factors of 10391964.
2, 3, 11, 17, 421
What are the prime factors of 5305682?
2, 2652841
List the prime factors of 11203225.
5, 11, 40739
What are the prime factors of 562440?
2, 3, 5, 43, 109
What are the prime factors of 2317327?
2317327
List the prime factors of 184241.
184241
List the prime factors of 10271.
10271
What are the prime factors of 1264919?
17, 37, 2011
What are the prime factors of 3246414?
2, 3, 43, 12583
What are the prime factors of 124552?
2, 15569
What are the prime factors of 11367363?
3, 7, 11047
What are the prime factors of 289806?
2, 3, 11, 4391
List the prime factors of 7087789.
73, 151, 643
What are the prime factors of 40551?
3, 7, 1931
List the prime factors of 226808.
2, 28351
List the prime factors of 91042.
2, 7, 929
What are the prime factors of 3634580?
2, 5, 181729
What are the prime factors of 771837?
3, 11, 19, 1231
What are the prime factors of 2875263?
3, 29, 33049
List the prime factors of 45649.
191, 239
List the prime factors of 1844904.
2, 3, 76871
List the prime factors of 4150646.
2, 2075323
List the prime factors of 123656.
2, 13, 29, 41
List the prime factors of 7339764.
2, 3, 37, 61, 271
List the prime factors of 333386.
2, 166693
What are the prime factors of 177988?
2, 44497
What are the prime factors of 8525916?
2, 3, 7, 23, 1471
What are the prime factors of 217440?
2, 3, 5, 151
List the prime factors of 2157598.
2, 599, 1801
What are the prime factors of 419279?
7, 89, 673
What are the prime factors of 718805?
5, 233, 617
List the prime factors of 1093258.
2, 71, 7699
List the prime factors of 22691705.
5, 331, 13711
What are the prime factors of 23153945?
5, 4630789
What are the prime factors of 14815648?
2, 107, 4327
List the prime factors of 4857716.
2, 17, 71437
What are the prime factors of 163767?
3, 79, 691
What are the prime factors of 4531561?
4531561
List the prime factors of 11944779.
3, 7, 11, 83, 89
What are the prime factors of 15789724?
2, 3947431
What are the prime factors of 604503?
3, 17, 439
List the prime factors of 523593.
3, 7, 8311
List the prime factors of 2030555.
5, 23, 17657
List the prime factors of 73761.
3, 23, 1069
What are the prime factors of 2122295?
5, 7, 60637
What are the prime factors of 1153953?
3, 79, 541
List the prime factors of 1127201.
29, 47, 827
List the prime factors of 7370677.
101, 72977
List the prime factors of 280071.
3, 11, 23, 41
List the prime factors of 347074.
2, 7, 13, 1907
What are the prime factors of 2059672?
2, 257459
List the prime factors of 196594.
2, 98297
What are the prime factors of 2248460?
2, 5, 19, 61, 97
List the prime factors of 26854.
2, 29, 463
List the prime factors of 1038691.
1038691
What are the prime factors of 244046?
2, 11, 11093
List the prime factors of 774027.
3, 17, 5059
What are the prime factors of 299249?
47, 6367
List the prime factors of 139147.
347, 401
What are the prime factors of 1341175?
5, 11, 4877
What are the prime factors of 2364223?
2364223
List the prime factors of 1183288.
2, 211, 701
List the prime factors of 4428328.
2, 23, 41, 587
List the prime factors of 89365.
5, 61, 293
List the prime factors of 337234.
2, 168617
What are the prime factors of 3972358?
2, 13, 152783
What are the prime factors of 883090?
2, 5, 13, 6793
What are the prime factors of 9098393?
9098393
What are the prime factors of 5475588?
2, 3, 191, 2389
List the prime factors of 89228.
2, 22307
What are the prime factors of 221400?
2, 3, 5, 41
List the prime factors of 221536.
2, 7, 23, 43
List the prime factors of 160924.
2, 40231
What are the prime factors of 3822295?
5, 764459
What are the prime factors of 3421100?
2, 5, 34211
What are the prime factors of 214359?
3, 71453
List the prime factors of 991866.
2, 3, 165311
List the prime factors of 7148249.
137, 52177
List the prime factors of 259872.
2, 3, 2707
List the prime factors of 400916.
2, 73, 1373
List the prime factors of 205527.
3, 7, 9787
List the prime factors of 140061.
3, 46687
What are the prime factors of 7351758?
2, 3, 408431
List the prime factors of 21353090.
2, 5, 11, 194119
List the prime factors of 585312.
2, 3, 7, 13, 67
List the prime factors of 35620719.
3, 59, 201247
What are the prime factors of 1139663?
7, 17, 61, 157
List the prime factors of 30703548.
2, 3, 43, 157, 379
List the prime factors of 2266034.
2, 1133017
What are the prime factors of 7222493?
7222493
List the prime factors of 2097680.
2, 5, 13, 2017
What are the prime factors of 17155?
5, 47, 73
List the 